oes 81 divide 1409083?
False
Does 294 divide 258132?
True
Is 5 a factor of 896065?
True
Does 57 divide 9437775?
True
Is 6 a factor of 143172?
True
Does 3 divide 698793?
True
Is 109473 a multiple of 8?
False
Is 32 a factor of 2748131?
False
Is 18 a factor of 2586066?
False
Is 900839 a multiple of 46?
False
Is 27 a factor of 57650?
False
Does 3 divide 215650?
False
Does 36 divide 7528176?
True
Is 8496979 a multiple of 213?
False
Is 35 a factor of 27930?
True
Does 12 divide 1463147?
False
Does 25 divide 294101?
False
Does 6 divide 36491?
False
Does 679 divide 7856030?
True
Does 13 divide 653947?
False
Does 33 divide 826452?
True
Is 44 a factor of 1042149?
False
Is 36 a factor of 15303937?
False
Is 2722523 a multiple of 27?
False
Is 377 a factor of 2815436?
True
Is 553485 a multiple of 15?
True
Is 16 a factor of 346972?
False
Is 4 a factor of 104681?
False
Is 1078412 a multiple of 153?
False
Is 125 a factor of 33750?
True
Is 3176369 a multiple of 23?
True
Does 134 divide 66997?
False
Is 1003506 a multiple of 10?
False
Does 89 divide 209081?
False
Is 241245 a multiple of 16?
False
Is 8822866 a multiple of 120?
False
Does 2 divide 372395?
False
Is 517 a factor of 4981295?
True
Does 7 divide 357273?
True
Does 43 divide 509980?
True
Is 24468 a multiple of 20?
False
Is 175292 a multiple of 26?
True
Is 364567 a multiple of 188?
False
Is 81514 a multiple of 145?
False
Is 2205968 a multiple of 171?
False
Is 1552356 a multiple of 62?
True
Is 461610 a multiple of 38?
False
Does 71 divide 35216?
True
Does 50 divide 2023868?
False
Does 12 divide 308688?
True
Does 26 divide 1817192?
True
Is 8 a factor of 69195?
False
Does 11 divide 1884778?
False
Is 580 a factor of 333441?
False
Does 7 divide 13009597?
False
Does 35 divide 26320?
True
Does 46 divide 6162059?
False
Is 16 a factor of 259424?
True
Is 17 a factor of 28600?
False
Does 48 divide 2277761?
False
Does 12 divide 254186?
False
Is 3194887 a multiple of 4?
False
Is 5 a factor of 26345?
True
Is 558 a factor of 5299524?
False
Is 3 a factor of 12301?
False
Is 6085728 a multiple of 792?
True
Is 133144 a multiple of 185?
False
Is 47 a factor of 335627?
True
Is 196800 a multiple of 16?
True
Is 89 a factor of 160200?
True
Does 331 divide 158183?
False
Does 154 divide 192268?
False
Does 4 divide 54989?
False
Is 40 a factor of 4238640?
True
Does 5 divide 181912?
False
Is 4 a factor of 606164?
True
Is 28 a factor of 904654?
False
Is 3 a factor of 109783?
False
Is 77 a factor of 239778?
True
Is 2873538 a multiple of 63?
False
Is 2445288 a multiple of 556?
True
Is 715 a factor of 178864?
False
Is 76 a factor of 236664?
True
Does 339 divide 5575872?
True
Is 1013193 a multiple of 90?
False
Is 5615350 a multiple of 1325?
True
Is 105694 a multiple of 86?
True
Does 12 divide 7104?
True
Is 128 a factor of 199296?
True
Is 21624 a multiple of 12?
True
Is 832160 a multiple of 35?
True
Does 34 divide 824738?
True
Is 39 a factor of 1851915?
True
Is 11 a factor of 445533?
True
Does 220 divide 16940?
True
Does 93 divide 551702?
False
Is 219 a factor of 760267?
False
Does 32 divide 9473856?
True
Does 20 divide 363900?
True
Does 403 divide 824315?
False
Does 29 divide 422929?
False
Does 4 divide 35090?
False
Is 355525 a multiple of 23?
False
Is 560738 a multiple of 362?
True
Is 57 a factor of 342684?
True
Is 16036360 a multiple of 68?
False
Does 12 divide 102084?
True
Is 62 a factor of 35867?
False
Is 21548088 a multiple of 12?
True
Is 136 a factor of 536562?
False
Does 29 divide 318850?
False
Is 8 a factor of 2032928?
True
Is 19 a factor of 747415?
False
Does 100 divide 727400?
True
Is 31104 a multiple of 9?
True
Does 4 divide 1261008?
True
Does 4 divide 3311054?
False
Is 1821450 a multiple of 50?
True
Is 10182707 a multiple of 259?
False
Does 127 divide 244348?
True
Is 13385442 a multiple of 23?
False
Is 57032 a multiple of 39?
False
Is 1949356 a multiple of 263?
True
Is 5 a factor of 53526?
False
Does 440 divide 277200?
True
Is 95 a factor of 826500?
True
Is 278760 a multiple of 505?
True
Is 296632 a multiple of 36?
False
Does 188 divide 10409?
False
Is 126702 a multiple of 24?
False
Does 180 divide 269100?
True
Does 9 divide 30464?
False
Is 378 a factor of 75600?
True
Is 314753 a multiple of 15?
False
Is 1986817 a multiple of 63?
False
Is 76 a factor of 281656?
True
Is 18205 a multiple of 2?
False
Is 342925 a multiple of 11?
True
Does 565 divide 2889646?
False
Is 726791 a multiple of 51?
False
Does 1047 divide 13234080?
True
Does 6 divide 855258?
True
Is 247 a factor of 41002?
True
Does 47 divide 52018?
False
Is 13 a factor of 1520883?
True
Does 904 divide 3130552?
True
Is 752944 a multiple of 196?
False
Does 578 divide 7271240?
True
Does 11 divide 600732?
True
Is 134850 a multiple of 465?
True
Does 228 divide 65635?
False
Does 16 divide 1642016?
True
Is 76 a factor of 206492?
True
Does 2 divide 8845?
False
Is 54 a factor of 211954?
False
Is 1184957 a multiple of 168?
False
Is 97032 a multiple of 48?
False
Does 686 divide 9163588?
True
Does 23 divide 655339?
True
Does 22 divide 56734?
False
Is 2554962 a multiple of 312?
False
Is 1675656 a multiple of 24?
True
Is 22848 a multiple of 6?
True
Does 54 divide 431150?
False
Is 218807 a multiple of 439?
False
Is 17 a factor of 57834?
True
Does 115 divide 142428?
False
Is 162551 a multiple of 53?
True
Does 121 divide 1086580?
True
Is 11 a factor of 4349939?
True
Does 425 divide 364225?
True
Is 7078046 a multiple of 21?
False
Is 16577154 a multiple of 319?
True
Is 54 a factor of 1215432?
True
Is 679876 a multiple of 116?
True
Is 100 a factor of 1010100?
True
Does 10 divide 11790?
True
Is 2167655 a multiple of 168?
False
Does 14 divide 1168939?
False
Is 5736540 a multiple of 6?
True
Does 52 divide 570016?
False
Does 975 divide 1553175?
True
Is 49 a factor of 399718?
False
Is 10 a factor of 8245684?
False
Does 34 divide 1282174?
True
Does 72 divide 4297181?
False
Is 254114 a multiple of 78?
False
Does 17 divide 90543?
False
Does 173 divide 1052013?
True
Is 343863 a multiple of 40?
False
Does 138 divide 1864932?
True
Is 140 a factor of 2930597?
False
Does 13 divide 8278?
False
Does 3 divide 74617?
False
Is 5 a factor of 247547?
False
Is 28 a factor of 778792?
True
Is 440735 a multiple of 96?
False
Is 6 a factor of 32964?
True
Is 32 a factor of 193614?
False
Is 1475580 a multiple of 60?
True
Is 32 a factor of 182112?
True
Is 735119 a multiple of 481?
False
Is 10 a factor of 125980?
True
Is 34040 a multiple of 46?
True
Does 15 divide 11880?
True
Does 289 divide 1925986?
False
Is 141824 a multiple of 64?
True
Does 17 divide 27674?
False
Is 589 a factor of 208766?
False
Does 199 divide 716599?
True
Does 7 divide 2314858?
True
Is 110 a factor of 231550?
True
Does 12 divide 4860?
True
Is 10 a factor of 5495740?
True
Is 7 a factor of 1749863?
False
Is 188 a factor of 714529?
False
Does 6 divide 143752?
False
Is 200 a factor of 2586897?
False
Is 1397169 a multiple of 27?
True
Is 11 a factor of 3792041?
True
Is 185164 a multiple of 17?
True
Does 300 divide 232200?
True
Is 683 a factor of 3078281?
True
Is 6 a factor of 877807?
False
Does 2576 divide 15893853?
False
Does 35 divide 1614270?
True
Is 28 a factor of 115509?
False
Is 7 a factor of 8785?
True
Does 944 divide 2816005?
False
Does 30 divide 781200?
True
Does 25 divide 1369100?
True
Does 459 divide 199206?
True
Is 20 a factor of 203180?
True
Is 393872 a multiple of 123?
False
Does 43 divide 5182446?
True
Does 41 divide 8748949?
True
Does 113 divide 797195?
False
Does 10 divide 409564?
False
Is 11 a factor of 141057?
False
Is 568520 a multiple of 46?
False
Is 500080 a multiple of 8?
True
Is 352440 a multiple of 72?
True
Is 13 a factor of 30537?
True
Is 171652 a multiple of 169?
False
Is 3651178 a multiple of 250?
False
Is 1490823 a multiple of 82?
False
Is 3 a factor of 1201742?
False
Is 871600 a multiple of 8?
True
Is 1983429 a multiple of 19?
True
Does 90 divide 121784?
False
Does 10 divide 10480?
True
Is 1486925 a multiple of 150?
False
Is 1234495 a multiple of 5?
True
Does 688 divide 21823949?
False
Is 115 a factor of 5226143?
False
Does 67 divide 694053?
True
Is 19350 a multiple of 142?
False
Is 5 a factor of 2868265?
True
Does 174 divide 99528?
True
Does 228 divide 491685?
False
Does 56 divide 316512?
True
Does 30 divide 179428?
False